emainder when 54 is divided by 54?
0
What is the remainder when 3795 is divided by 211?
208
What is the remainder when 121 is divided by 53?
15
Calculate the remainder when 983 is divided by 486.
11
Calculate the remainder when 1096 is divided by 25.
21
What is the remainder when 25 is divided by 6?
1
Calculate the remainder when 29 is divided by 6.
5
Calculate the remainder when 647 is divided by 81.
80
Calculate the remainder when 472 is divided by 55.
32
What is the remainder when 449 is divided by 148?
5
Calculate the remainder when 30671 is divided by 3.
2
What is the remainder when 665 is divided by 84?
77
Calculate the remainder when 341 is divided by 170.
1
What is the remainder when 639 is divided by 62?
19
Calculate the remainder when 783 is divided by 100.
83
Calculate the remainder when 120 is divided by 32.
24
What is the remainder when 492 is divided by 130?
102
Calculate the remainder when 2210 is divided by 34.
0
What is the remainder when 1667 is divided by 1652?
15
Calculate the remainder when 35 is divided by 13.
9
What is the remainder when 1254 is divided by 63?
57
What is the remainder when 8893 is divided by 278?
275
Calculate the remainder when 2582 is divided by 17.
15
What is the remainder when 181 is divided by 94?
87
Calculate the remainder when 171 is divided by 8.
3
Calculate the remainder when 68 is divided by 32.
4
Calculate the remainder when 1130 is divided by 28.
10
Calculate the remainder when 22552 is divided by 42.
40
What is the remainder when 121 is divided by 6?
1
Calculate the remainder when 5391 is divided by 93.
90
Calculate the remainder when 61 is divided by 27.
7
What is the remainder when 170 is divided by 11?
5
What is the remainder when 230 is divided by 64?
38
Calculate the remainder when 2104 is divided by 13.
11
Calculate the remainder when 119 is divided by 25.
19
What is the remainder when 1415 is divided by 13?
11
Calculate the remainder when 555 is divided by 539.
16
Calculate the remainder when 113 is divided by 5.
3
Calculate the remainder when 621 is divided by 95.
51
Calculate the remainder when 319 is divided by 98.
25
Calculate the remainder when 403 is divided by 7.
4
What is the remainder when 279 is divided by 14?
13
What is the remainder when 368 is divided by 201?
167
What is the remainder when 117 is divided by 59?
58
What is the remainder when 147 is divided by 38?
33
Calculate the remainder when 149 is divided by 46.
11
Calculate the remainder when 1270 is divided by 12.
10
What is the remainder when 132 is divided by 8?
4
Calculate the remainder when 251 is divided by 101.
49
What is the remainder when 337 is divided by 72?
49
What is the remainder when 1769 is divided by 59?
58
Calculate the remainder when 239 is divided by 107.
25
Calculate the remainder when 727 is divided by 26.
25
Calculate the remainder when 1986 is divided by 133.
124
What is the remainder when 880 is divided by 97?
7
Calculate the remainder when 1421 is divided by 82.
27
Calculate the remainder when 1412 is divided by 684.
44
Calculate the remainder when 1917 is divided by 238.
13
Calculate the remainder when 7677 is divided by 32.
29
Calculate the remainder when 15 is divided by 12.
3
Calculate the remainder when 186 is divided by 59.
9
Calculate the remainder when 25 is divided by 13.
12
What is the remainder when 288 is divided by 145?
143
Calculate the remainder when 485 is divided by 14.
9
Calculate the remainder when 181 is divided by 7.
6
Calculate the remainder when 92 is divided by 32.
28
What is the remainder when 446 is divided by 108?
14
What is the remainder when 2667 is divided by 16?
11
What is the remainder when 883 is divided by 882?
1
Calculate the remainder when 105 is divided by 94.
11
What is the remainder when 303 is divided by 17?
14
What is the remainder when 476 is divided by 78?
8
Calculate the remainder when 724 is divided by 240.
4
Calculate the remainder when 33 is divided by 30.
3
Calculate the remainder when 16965 is divided by 42.
39
Calculate the remainder when 9282 is divided by 22.
20
What is the remainder when 2267 is divided by 30?
17
What is the remainder when 108 is divided by 82?
26
Calculate the remainder when 447 is divided by 125.
72
Calculate the remainder when 267 is divided by 33.
3
Calculate the remainder when 162 is divided by 50.
12
Calculate the remainder when 292 is divided by 292.
0
Calculate the remainder when 2653 is divided by 32.
29
Calculate the remainder when 14 is divided by 10.
4
Calculate the remainder when 157 is divided by 38.
5
Calculate the remainder when 18137 is divided by 187.
185
Calculate the remainder when 183 is divided by 27.
21
Calculate the remainder when 1242 is divided by 414.
0
What is the remainder when 239 is divided by 41?
34
Calculate the remainder when 417 is divided by 30.
27
What is the remainder when 1158 is divided by 111?
48
What is the remainder when 377 is divided by 30?
17
What is the remainder when 523 is divided by 67?
54
What is the remainder when 1266 is divided by 418?
12
Calculate the remainder when 22349 is divided by 16.
13
What is the remainder when 336 is divided by 41?
8
What is the remainder when 731 is divided by 70?
31
Calculate the remainder when 124 is divided by 24.
4
Calculate the remainder when 1706 is divided by 28.
26
What is the remainder when 113 is divided by 22?
3
What is the remainder when 183 is divided by 6?
3
What is the remainder when 174 is divided by 92?
82
Calculate the remainder when 268 is divided by 67.
0
Calculate the remainder when 111 is divided by 56.
55
What is the remainder when 2965 is divided by 23?
21
Calculate the remainder when 3127 is divided by 238.
33
What is the remainder when 189 is divided by 48?
45
What is the remainder when 104 is divided by 37?
30
Calculate the remainder when 160 is divided by 35.
20
Calculate the remainder when 104 is divided by 18.
14
Calculate the remainder when 2198 is divided by 22.
20
What is the remainder when 324 is divided by 34?
18
What is the remainder when 1593 is divided by 296?
113
What is the remainder when 205 is divided by 70?
65
What is the remainder when 546 is divided by 116?
82
What is the remainder when 329 is divided by 172?
157
Calculate the remainder when 81 is divided by 46.
35
Calculate the remainder when 192 is divided by 15.
12
Calculate the remainder when 207 is divided by 54.
45
Calculate the remainder when 319 is divided by 161.
158
What is the remainder when 430 is divided by 36?
34
Calculate the remainder when 28 is divided by 6.
4
What is the remainder when 4990 is divided by 55?
40
Calculate the remainder when 637 is divided by 107.
102
What is the remainder when 123 is divided by 41?
0
Calculate the remainder when 174 is divided by 83.
8
What is the remainder when 812 is divided by 24?
20
Calculate the remainder when 185 is divided by 87.
11
Calculate the remainder when 43 is divided by 17.
9
What is the remainder when 1385 is divided by 13?
7
What is the remainder when 488 is divided by 3?
2
What is the remainder when 173 is divided by 52?
17
What is the remainder when 8780 is divided by 17?
8
Calculate the remainder when 4724 is divided by 27.
26
What is the remainder when 192 is divided by 60?
12
Calculate the remainder when 14013 is divided by 192.
189
What is the remainder when 125 is divided by 24?
5
Calculate the remainder when 142 is divided by 12.
10
What is the remainder when 3781 is divided by 61?
60
What is the remainder when 237 is divided by 110?
17
Calculate the remainder when 424 is divided by 112.
88
Calculate the remainder when 906 is divided by 37.
18
Calculate the remainder when 303 is divided by 13.
4
What is the remainder when 2256 is divided by 189?
177
Calculate the remainder when 3579 is divided by 211.
203
Calculate the remainder when 39369 is divided by 17.
14
What is the remainder when 136 is divided by 59?
18
What is the remainder when 81 is divided by 3?
0
Calculate the remainder when 1847 is divided by 450.
47
Calculate the remainder when 79 is divided by 16.
15
What is the remainder when 56 is divided by 17?
5
What is the remainder when 455 is divided by 179?
97
What is the remainder when 354 is divided by 5?
4
What is the remainder when 1437 is divided by 493?
451